{"id":2,"date":"2016-05-10T03:48:21","date_gmt":"2016-05-10T03:48:21","guid":{"rendered":"http:\/\/eva-fenrich.eu\/?page_id=2"},"modified":"2020-03-24T20:09:00","modified_gmt":"2020-03-24T20:09:00","slug":"sample-page","status":"publish","type":"page","link":"http:\/\/eva-fenrich.eu\/?page_id=2&lang=de","title":{"rendered":"Aktuelles"},"content":{"rendered":"<p>Aufgrund der aktuellen Corona Situation finden alle Coachings und Beratungen per Telefon oder Video-Telefonie statt. F\u00fcr Videotelefonie (gesichert) benutze ich <a href=\"https:\/\/zoom.us\/\">Zoom<\/a> oder <a href=\"https:\/\/signal.org\/de\/\">signal.org<\/a>. Beide sind einfach und f\u00fcr Sie kostenlos auf dem Computer (Zoom) oder Smartphone (Zoom oder Signal) zu benutzen.<\/p>\n<p>In den n\u00e4chsten Wochen w\u00e4hrend der aktuellen Corona Krise werde ich regelm\u00e4ssig kleine Videosequenzen mit unterst\u00fctzenden \u00dcbungen sowie Ideen zur Selbstregulation, zum in Kontakt bleiben sowie kleinere Naturwissenschaftsexperimente f\u00fcr Kinder und Erwachsene bloggen.<\/p>\n<p>Demn\u00e4chst starten auch Online-Kurse f\u00fcr gro\u00df und klein &#8211; stay tuned.<\/p>\n<p>\u00a0<\/p>\n\n<ul class=\"wp-block-latest-posts__list wp-block-latest-posts\"><li><a class=\"wp-block-latest-posts__post-title\" href=\"http:\/\/eva-fenrich.eu\/?p=153\">Don&#8217;t forget to harvest<\/a><\/li>\n<li><a class=\"wp-block-latest-posts__post-title\" href=\"http:\/\/eva-fenrich.eu\/?p=131\">Presentation at The Embodiment Conference<\/a><\/li>\n<li><a class=\"wp-block-latest-posts__post-title\" href=\"http:\/\/eva-fenrich.eu\/?p=106&#038;lang=de\">Mach die H\u00e4nde dreckig!<\/a><\/li>\n<li><a class=\"wp-block-latest-posts__post-title\" href=\"http:\/\/eva-fenrich.eu\/?p=104\">Helping kids understand Corona<\/a><\/li>\n<li><a class=\"wp-block-latest-posts__post-title\" href=\"http:\/\/eva-fenrich.eu\/?p=102&#038;lang=de\">Kindern helfen Corona zu verstehen<\/a><\/li>\n<\/ul>","protected":false},"excerpt":{"rendered":"<p>Aufgrund der aktuellen Corona Situation finden alle Coachings und Beratungen per Telefon oder Video-Telefonie statt. F\u00fcr Videotelefonie (gesichert) benutze ich Zoom oder signal.org. Beide sind einfach und f\u00fcr Sie kostenlos auf dem Computer (Zoom) oder Smartphone (Zoom oder Signal) zu &hellip; <a href=\"http:\/\/eva-fenrich.eu\/?page_id=2&#038;lang=de\">Weiterlesen <span class=\"meta-nav\">&rarr;<\/span><\/a><\/p>\n","protected":false},"author":1,"featured_media":0,"parent":0,"menu_order":0,"comment_status":"closed","ping_status":"open","template":"","meta":{"advgb_blocks_editor_width":"","advgb_blocks_columns_visual_guide":"","footnotes":""},"_links":{"self":[{"href":"http:\/\/eva-fenrich.eu\/index.php?rest_route=\/wp\/v2\/pages\/2"}],"collection":[{"href":"http:\/\/eva-fenrich.eu\/index.php?rest_route=\/wp\/v2\/pages"}],"about":[{"href":"http:\/\/eva-fenrich.eu\/index.php?rest_route=\/wp\/v2\/types\/page"}],"author":[{"embeddable":true,"href":"http:\/\/eva-fenrich.eu\/index.php?rest_route=\/wp\/v2\/users\/1"}],"replies":[{"embeddable":true,"href":"http:\/\/eva-fenrich.eu\/index.php?rest_route=%2Fwp%2Fv2%2Fcomments&post=2"}],"version-history":[{"count":6,"href":"http:\/\/eva-fenrich.eu\/index.php?rest_route=\/wp\/v2\/pages\/2\/revisions"}],"predecessor-version":[{"id":92,"href":"http:\/\/eva-fenrich.eu\/index.php?rest_route=\/wp\/v2\/pages\/2\/revisions\/92"}],"wp:attachment":[{"href":"http:\/\/eva-fenrich.eu\/index.php?rest_route=%2Fwp%2Fv2%2Fmedia&parent=2"}],"curies":[{"name":"wp","href":"https:\/\/api.w.org\/{rel}","templated":true}]}}